{"id":4652,"date":"2024-07-26T11:05:45","date_gmt":"2024-07-26T09:05:45","guid":{"rendered":"https:\/\/autriche.diplomatie.gov.bf\/?page_id=4652"},"modified":"2024-10-24T17:44:00","modified_gmt":"2024-10-24T15:44:00","slug":"associations-organisations","status":"publish","type":"page","link":"https:\/\/autriche.diplomatie.gov.bf\/index.php\/associations-organisations\/","title":{"rendered":"Associations &#038; Organisations"},"content":{"rendered":"\t\t<div data-elementor-type=\"wp-page\" data-elementor-id=\"4652\" class=\"elementor elementor-4652\" data-elementor-post-type=\"page\">\n\t\t\t\t<div data-particle_enable=\"false\" data-particle-mobile-disabled=\"false\" class=\"elementor-element elementor-element-c9a4b88 e-flex e-con-boxed e-con e-parent\" data-id=\"c9a4b88\" data-element_type=\"container\" data-e-type=\"container\">\n\t\t\t\t\t<div class=\"e-con-inner\">\n\t\t\t\t<div class=\"elementor-element elementor-element-679e8bc elementor-widget elementor-widget-text-editor\" data-id=\"679e8bc\" data-element_type=\"widget\" data-e-type=\"widget\" data-widget_type=\"text-editor.default\">\n\t\t\t\t<div class=\"elementor-widget-container\">\n\t\t\t\t\t\t\t\t\t<p>Comme association nous avons: l&rsquo;association <strong>KANKELE,<\/strong> une jeune association qui entend promouvoir la culture burkinab\u00e8 et contribuer au d\u00e9veloppement du Burkina Faso au niveau de la <strong>REPUBLIQUE DE SLOVENIE <\/strong>et<strong> l&rsquo;Association des Ressortissants burkinab\u00e8 en Autriche (ARBA) <\/strong>en <strong>AUTRICHE. <\/strong>L\u2019Association m\u00e8ne des activit\u00e9s de promotion culturelle et \u00e9conomique et apporte sa contribution au d\u00e9veloppement du Burkina Faso.\u00a0<\/p>\t\t\t\t\t\t\t\t<\/div>\n\t\t\t\t<\/div>\n\t\t\t\t\t<\/div>\n\t\t\t\t<\/div>\n\t\t\t\t<\/div>\n\t\t","protected":false},"excerpt":{"rendered":"<p>Comme association nous avons: l&rsquo;association KANKELE, une jeune association qui entend promouvoir la culture burkinab\u00e8 et contribuer au d\u00e9veloppement du Burkina Faso au niveau de la REPUBLIQUE DE SLOVENIE et l&rsquo;Association des Ressortissants burkinab\u00e8 en Autriche (ARBA) en AUTRICHE. L\u2019Association m\u00e8ne des activit\u00e9s de promotion culturelle et \u00e9conomique et apporte sa contribution au d\u00e9veloppement du [&hellip;]<\/p>\n","protected":false},"author":9,"featured_media":0,"parent":0,"menu_order":0,"comment_status":"closed","ping_status":"closed","template":"elementor_header_footer","meta":{"_acf_changed":false,"_monsterinsights_skip_tracking":false,"_monsterinsights_sitenote_active":false,"_monsterinsights_sitenote_note":"","_monsterinsights_sitenote_category":0,"footnotes":""},"class_list":["post-4652","page","type-page","status-publish","hentry"],"acf":[],"_links":{"self":[{"href":"https:\/\/autriche.diplomatie.gov.bf\/index.php\/wp-json\/wp\/v2\/pages\/4652","targetHints":{"allow":["GET"]}}],"collection":[{"href":"https:\/\/autriche.diplomatie.gov.bf\/index.php\/wp-json\/wp\/v2\/pages"}],"about":[{"href":"https:\/\/autriche.diplomatie.gov.bf\/index.php\/wp-json\/wp\/v2\/types\/page"}],"author":[{"embeddable":true,"href":"https:\/\/autriche.diplomatie.gov.bf\/index.php\/wp-json\/wp\/v2\/users\/9"}],"replies":[{"embeddable":true,"href":"https:\/\/autriche.diplomatie.gov.bf\/index.php\/wp-json\/wp\/v2\/comments?post=4652"}],"version-history":[{"count":8,"href":"https:\/\/autriche.diplomatie.gov.bf\/index.php\/wp-json\/wp\/v2\/pages\/4652\/revisions"}],"predecessor-version":[{"id":5293,"href":"https:\/\/autriche.diplomatie.gov.bf\/index.php\/wp-json\/wp\/v2\/pages\/4652\/revisions\/5293"}],"wp:attachment":[{"href":"https:\/\/autriche.diplomatie.gov.bf\/index.php\/wp-json\/wp\/v2\/media?parent=4652"}],"curies":[{"name":"wp","href":"https:\/\/api.w.org\/{rel}","templated":true}]}}